166*l - 42. List the prime factors of n(-45).
3, 11, 41
Let z(w) = -5*w**2 - w. Let o be z(1). Let b(j) = -j**2 - 6*j + 2. Let y be b(o). List the prime factors of y/4 + 885/30.
2, 3, 5
Suppose 3*i - 27 = -4*x - 4, -16 = -4*i + 2*x. Suppose -i*f + f = 16, -h + f + 77 = 0. List the prime factors of h.
73
Suppose -393 = 2*z - 1707. What are the prime factors of z?
3, 73
Let x(i) = 7*i - 30. Let z be x(4). Let n(y) = 48*y**2 + 11*y + 21. What are the prime factors of n(z)?
191
Suppose -28 = -v - 5*l - 5, -5*l + 15 = 5*v. What are the prime factors of v/9 + ((-5200)/18)/(-4)?
2, 3
Let y(j) = 4*j - 5. Suppose 0 = -4*d + 12. Suppose 21 = 3*k - d*z, -3*k - 4*z + 0 = -28. List the prime factors of y(k).
3
What are the prime factors of (-37)/1*(2 - 21)?
19, 37
What are the prime factors of (-3)/(-11 + (-254346)/(-23124))?
2, 41, 47
Let h = 121 - 119. List the prime factors of (h/6)/(6/1242).
3, 23
Let l = -1 + 7. Let y be 4/l + (-14)/(-6). Suppose 2*c - y + 1 = 0, -4*f + 29 = c. List the prime factors of f.
7
Let v = 81 + 4. Suppose 255 = 5*z - v. List the prime factors of z.
2, 17
Suppose 0*v + 142 = -t + 2*v, -3*t + 2*v - 422 = 0. Let q be 9/(-3)*t/6. What are the prime factors of 318/14 + 20/q?
23
Suppose 4*u = 5*p + 4340 + 5434, 5*p = -10. What are the prime factors of u?
2441
Let y(w) = w**3 - 11*w**2 + 37*w + 1. What are the prime factors of y(10)?
271
Let p(u) = 2*u + 101. List the prime factors of p(-4).
3, 31
Suppose 0 = -16*s + 12*s - 16. What are the prime factors of (-3)/s + (-11060)/(-80)?
139
Suppose 0 = -2*o, 2*o - o = 3*y - 15. Suppose c = -3*x + 35 + 311, -3*x - y*c + 338 = 0. List the prime factors of x.
2, 29
Let d be (-1)/(-2 + (-10)/(-6)). Let q(s) = 1 + 8 - d + 2*s**2 + 2*s. List the prime factors of q(-4).
2, 3, 5
Let x(j) = j**2 - 2*j - 3. Let q be x(4). Suppose -q = 5*g - 590. What are the prime factors of g?
3, 13
Suppose 0 = 4*d - 358 - 418. What are the prime factors of d?
2, 97
Let s(l) = 12*l**3 - 4*l**2 - 6*l - 8. Let z be s(4). Suppose -3*b - 192 + z = 0. List the prime factors of b.
2, 5
Suppose -s - 2*f + 13 = -0*f, 91 = 5*s - 3*f. Let y = s - 15. Suppose y*a = -0*a + 14. List the prime factors of a.
7
Suppose 4*c = -2*u - 6, -c = u - 5*c - 15. Suppose -x + u*l - 4*l = -77, -2*x - 5*l + 154 = 0. List the prime factors of x.
7, 11
Let d = 1280 + -944. List the prime factors of d.
2, 3, 7
Suppose -375 = -i - 3*t + 461, -3*i - 4*t = -2503. What are the prime factors of i?
7, 17
Let l = -8098 - -12236. What are the prime factors of l?
2, 2069
Let r(s) = 6*s**2 + 2*s. Let l be r(-2). Suppose -2*t + 3*w - l = 8*w, 2*t - 2*w - 8 = 0. Suppose 9*c + 101 - 398 = t. What are the prime factors of c?
3, 11
Let p(q) = q**3 + 18*q**2 + 19*q + 12. What are the prime factors of p(-15)?
2, 3, 67
Let c be (-7)/(-2)*10/7. Suppose -g + 77 = f, 0 = 5*f + g - c*g - 367. List the prime factors of f.
3, 5
Let m(x) = -10*x - 26. Let d be m(-3). Suppose 0 = d*v - 56 - 184. What are the prime factors of v?
2, 3, 5
Suppose -4*t - t = -15. Let b(h) = 29*h + 1. What are the prime factors of b(t)?
2, 11
Let s = 17 - 13. Let h be ((-390)/s)/((-6)/8). Suppose -3*c + h = 28. What are the prime factors of c?
2, 17
Let c = -1 - -12. Let m = 61 + c. What are the prime factors of m?
2, 3
Suppose 3*p = u - 409 + 164, 333 = -4*p - 5*u. Let v = 151 + p. What are the prime factors of v?
3, 23
Let a(y) = 28*y**2 - 130*y - 19. What are the prime factors of a(11)?
7, 277
Let t(s) = 10 - 10 + 4*s - 5*s + 11. Let j(x) = -x**2 + 4*x - 3. Let z be j(3). What are the prime factors of t(z)?
11
What are the prime factors of (5 + (-1 - -1))/(2/482)?
5, 241
List the prime factors of (-18)/((-576)/(-8)) + (-20306)/(-8).
2, 3, 47
Let s(u) = -60*u + 6. Let i be s(-4). Let l = -62 + i. What are the prime factors of l?
2, 23
Let j(y) = -8 + 7*y - 3*y + 0*y. Let a be j(7). List the prime factors of (-3)/12 + 965/a.
2, 3
Suppose 0 = 3*o + 2*o - 3*p - 302, 5*o + 3*p - 278 = 0. Let x(r) = r**2 - 28. Let u be x(0). Let j = o + u. List the prime factors of j.
2, 3, 5
Let i = -178 - -3120. What are the prime factors of i?
2, 1471
Let h = 100 - -213. Let f = 468 - h. List the prime factors of f.
5, 31
Let f = 1959 + -775. List the prime factors of f.
2, 37
Let f(o) = 83*o**2 + 17*o - 13. List the prime factors of f(3).
5, 157
Suppose 3*h + 5 = 2*w, 4*h - 23 = -4*w + 37. Let i be 204/5 - (-2)/w. Suppose -3*t = -4 - i. What are the prime factors of t?
3, 5
List the prime factors of ((-25)/(-2) - 0)*86.
5, 43
Let q be (-2053)/(-3) + -4*2/24. Suppose -13*w + 7*w = -q. List the prime factors of w.
2, 3, 19
Let n(p) = 3*p + 10. Let s(t) = -t**3 + 7*t**2 + 8*t + 7. Let q be s(8). List the prime factors of n(q).
31
Let b = 5 + -14. Let y be -33*(2 - b/(-3)). List the prime factors of -2 + y/6*6.
31
List the prime factors of (-52)/(-130)*(-63435)/(-6).
4229
Suppose x - 9*x + 8 = 0. What are the prime factors of 32 - (-4 + x - -6)?
29
Let n be 0/2 + 3 - 3. Let p be (-6 - -7)*(0 + n). Suppose p = -5*f + 35 + 10. List the prime factors of f.
3
Suppose 3*j + t - 277 - 1356 = 0, 0 = 4*t + 8. List the prime factors of j.
5, 109
Let m = -7 + 11. Suppose 0 = -m*c + 317 + 83. Suppose -74 = -5*l - 2*f + c, 0 = f - 2. List the prime factors of l.
2, 17
Suppose 85*t - 15 = 82*t. Suppose t*g = o + 989, 4*o + 3 = 7. List the prime factors of g.
2, 3, 11
Suppose 2*g + 12*h - 8*h - 1988 = 0, 3*h + 1014 = g. List the prime factors of g.
2, 3, 167
Suppose u - 130 = 202. What are the prime factors of u?
2, 83
Let u(g) = g**3 - 7*g**2 - 7*g + 7. Let f be (48/15)/((-12)/(-30)). What are the prime factors of u(f)?
3, 5
Suppose -4*l = -7*l. Suppose l*t = 5*t - 195. What are the prime factors of t?
3, 13
Let x be (-2)/5 - 102/(-5). Suppose 4*m + w = -x, w = 2*m - w. List the prime factors of (-1)/((-2)/m) - -13.
11
Let w(x) be the third derivative of x**4/4 + 19*x**3/6 - 11*x**2. What are the prime factors of w(6)?
5, 11
Let a(w) be the third derivative of w**5/60 + w**4/12 + 2*w**3/3 - 47*w**2. Let y be (-4)/(-2)*3/(-2). List the prime factors of a(y).
7
Suppose 0 = 4*x - 7*x + 84. Suppose -15*y + 13*y + x = 0. What are the prime factors of y?
2, 7
Let i(s) = -19*s + 9. Let z be -4*((-2)/(-2))/1. List the prime factors of i(z).
5, 17
List the prime factors of (-2319)/(-4) + -10*(-4)/160.
2, 5, 29
Suppose -3*w - 2*f = -238, 165 = 3*w - w - 5*f. Suppose w = k + 420. What are the prime factors of (-8)/10*k/8?
2, 17
Suppose 19*r + 4*f = 21*r - 540, -3*r + 2*f + 818 = 0. List the prime factors of r.
2, 137
Let d be 0*(-2*1)/(-4). Let c be ((-38)/114)/(1/(-36)). Suppose -3*l + 9 + c = d. What are the prime factors of l?
7
Suppose -14*f + 3816 = -2*f. List the prime factors of f.
2, 3, 53
Suppose a + 1891 = -5*f, 6*f - 4*a + 1130 = 3*f. Let i = -167 - f. List the prime factors of i.
211
Let m(h) = h**3 + h**2 + h - 2. Let f be m(-5). Let k = 182 + f. List the prime factors of k.
3, 5
Let y be (9/(-6))/(2/(-4)). Suppose y*m + 3*m - 678 = 0. Let p = -45 + m. List the prime factors of p.
2, 17
Let c be (-7)/(-2)*(-60)/105. List the prime factors of c/3*(4 + 238/(-4)).
37
Let x = 3 + 2. Suppose 6*y - 290 = -x*d + y, -4 = -y. What are the prime factors of d?
2, 3
Let y = 846 - -532. What are the prime factors of y?
2, 13, 53
Let x = 564 + 306. What are the prime factors of x?
2, 3, 5, 29
Suppose 15134 = 21*s + 3773. List the prime factors of s.
541
Let z(f) = 2*f**2 - 7*f - 14. Let j be z(10). Let w = -81 + j. Suppose -4*d + w = -21. List the prime factors of d.
2, 7
Let u(l) = 7*l + 18. Let f(t) = -t. Let w(h) = 6*f(h) + u(h). What are the prime factors of w(-8)?
2, 5
Let t be ((-4)/2 - 1) + 7. Suppose 2 = -u, -t*u - 14 + 3 = -i. Suppose i*b = 13 + 56. List the prime factors of b.
23
Suppose 4 - 58 = 3*z. Suppose -148 = -3*l - 34. Let s = l + z. What are the prime factors of s?
2, 5
Let h(f) = 5*f**2 - 2*f + 1. Let x = 0 + 1. List the prime factors of h(x).
2
Let r be 84/10 - (-14)/(-35). Let d(q) = -q**3 + 9*q**2 - 3*q + 12. List the prime factors of d(r).
2, 13
Let i be 8 - 1 - 15/(-5). Let q = -5 + i. Suppose 0 = -q*w + 19 + 36. List the prime factors of w.
11
Suppose 3*d - 1451 = -5*w, -15*w + 14*w = 4*d - 1946. What are the prime factors of d?
487
Suppose 0 = -5*z + 12 + 3. Suppose z = -x - 2, 0 = -p - x + 44. What ar